27
Calculate the highest common factor of 4100 and 1312.
164
What is the greatest common divisor of 80 and 7610?
10
Calculate the highest common factor of 1835973 and 636.
159
What is the greatest common factor of 405 and 4155?
15
What is the greatest common divisor of 234 and 46150?
26
Calculate the highest common divisor of 3572 and 572413.
893
Calculate the highest common divisor of 762 and 10050.
6
What is the highest common divisor of 2297 and 5?
1
Calculate the highest common divisor of 1953 and 225.
9
What is the highest common divisor of 406 and 56728?
14
Calculate the highest common factor of 136311 and 7.
7
Calculate the highest common factor of 4380 and 852.
12
Calculate the greatest common divisor of 16 and 941848.
8
What is the highest common factor of 573588 and 28764?
1692
Calculate the highest common divisor of 345 and 189.
3
Calculate the greatest common factor of 137888 and 248.
248
What is the highest common factor of 3340165 and 5?
5
What is the greatest common divisor of 56500 and 750?
250
What is the greatest common divisor of 149853 and 2508?
627
Calculate the greatest common divisor of 40057 and 41.
41
What is the greatest common divisor of 30 and 109290?
30
Calculate the greatest common divisor of 624 and 22096.
16
What is the greatest common factor of 448 and 53662?
14
Calculate the greatest common divisor of 15455 and 7095.
55
Calculate the greatest common divisor of 1419 and 597.
3
Calculate the greatest common factor of 19305 and 270.
135
What is the greatest common divisor of 350 and 25100?
50
What is the highest common factor of 9 and 8348841?
9
Calculate the highest common factor of 65363 and 2771.
163
Calculate the greatest common divisor of 13265 and 9905.
35
What is the greatest common factor of 23 and 44597?
23
Calculate the highest common divisor of 1062 and 7198.
118
Calculate the greatest common divisor of 119106 and 198.
18
What is the greatest common divisor of 35 and 26327?
7
Calculate the greatest common factor of 102884 and 1780.
356
Calculate the highest common factor of 245 and 41993.
49
Calculate the highest common factor of 203 and 2132109.
203
Calculate the greatest common divisor of 58632 and 1524.
12
Calculate the highest common divisor of 133 and 22141.
7
Calculate the highest common divisor of 240 and 131520.
240
Calculate the greatest common factor of 52 and 104.
52
Calculate the highest common factor of 2356 and 11476.
76
Calculate the highest common factor of 99 and 1969.
11
What is the highest common factor of 8284 and 167642?
218
What is the greatest common factor of 399 and 4503?
57
What is the highest common factor of 3 and 2518?
1
What is the highest common divisor of 40 and 529780?
20
Calculate the greatest common factor of 530 and 1872278.
106
Calculate the highest common divisor of 105 and 426027.
21
What is the greatest common factor of 282 and 158202?
282
Calculate the greatest common factor of 4690 and 3150.
70
Calculate the greatest common factor of 149474 and 65.
13
Calculate the highest common divisor of 55 and 243463.
11
What is the greatest common divisor of 15795395 and 385?
385
What is the highest common divisor of 407456 and 14688?
544
What is the highest common factor of 27 and 877257?
27
What is the greatest common factor of 72 and 1818792?
72
What is the highest common divisor of 39106 and 12?
2
What is the highest common factor of 9338180 and 20?
20
Calculate the highest common factor of 689 and 3551.
53
What is the greatest common factor of 1479 and 95149?
493
What is the highest common divisor of 4859376 and 134?
134
Calculate the highest common factor of 81528 and 35604.
516
What is the highest common factor of 1195995 and 1065?
1065
Calculate the highest common divisor of 30743 and 35073.
433
What is the highest common factor of 25737 and 16836?
69
Calculate the greatest common divisor of 80525 and 900.
25
What is the greatest common factor of 2768467 and 663?
221
Calculate the greatest common factor of 848 and 336.
16
What is the greatest common factor of 904 and 22374?
226
What is the greatest common divisor of 15807870 and 36?
18
Calculate the highest common factor of 184643 and 3161.
29
What is the greatest common factor of 8310 and 285?
15
Calculate the highest common factor of 8279 and 544.
17
What is the greatest common factor of 2064 and 35346?
258
What is the greatest common divisor of 29160 and 36360?
360
Calculate the highest common divisor of 504 and 14940.
36
What is the greatest common factor of 38781 and 33777?
1251
What is the greatest common divisor of 1775147 and 44?
11
What is the highest common factor of 386 and 7515806?
386
Calculate the highest common divisor of 3502 and 10918.
206
What is the greatest common factor of 1386 and 122826?
66
What is the greatest common divisor of 138 and 75003?
69
What is the greatest common divisor of 97 and 456288?
97
Calculate the highest common divisor of 12936 and 60.
12
Calculate the greatest common factor of 29285 and 5.
5
What is the greatest common factor of 7805 and 595?
35
Calculate the greatest common divisor of 12 and 460.
4
What is the highest common factor of 70824 and 19522?
454
What is the highest common divisor of 90829 and 549?
61
What is the greatest common factor of 21 and 12846?
3
Calculate the greatest common factor of 1408 and 47894.
22
What is the greatest common divisor of 990 and 159210?
90
Calculate the highest common divisor of 96 and 942.
6
Calculate the highest common divisor of 13696 and 9737.
107
What is the highest common factor of 35 and 8240?
5
What is the greatest common factor of 7338594 and 17?
17
What is the highest common factor of 131942 and 74?
74
What is the greatest common factor of 98 and 25746?
14
Calculate the highest common factor of 119944 and 25850.
1034
Calculate the highest common divisor of 56 and 87856.
8
What is the greatest common divisor of 65345 and 210?
35
Calculate the highest common divisor of 356840 and 44.
44
What is the highest common divisor of 17384 and 56088?
328
Calculate the greatest common divisor of 39516 and 6068.
148
What is the highest common factor of 3283 and 90852?
67
Calculate the greatest common factor of 344160 and 25.
5
Calculate the greatest common divisor of 1421 and 3857.
203
Calculate the greatest common divisor of 285 and 417885.
15
What is the greatest common divisor of 2784 and 453444?
348
Calculate the greatest common divisor of 70903 and 7203.
49
What is the greatest common factor of 6150 and 984?
246
What is the highest common divisor of 800172 and 868?
124
Calculate the highest common divisor of 47164 and 156.
52
What is the highest common factor of 11892 and 1524?
12
What is the greatest common divisor of 35 and 33698?
7
Calculate the greatest common factor of 266 and 18823.
7
What is the greatest common factor of 39480 and 48?
24
What is the greatest common factor of 2364 and 13593?
591
What is the greatest common divisor of 925 and 10621775?
925
What is the greatest common divisor of 30 and 6814395?
15
Calculate the greatest common divisor of 369474 and 210.
42
What is the greatest common factor of 6952 and 528?
88
What is the highest common divisor of 26136 and 2?
2
Calculate the highest common factor of 1510 and 70819.
151
What is the greatest common divisor of 5542860 and 24?
12
Calculate the greatest common divisor of 43 and 1113227.
43
What is the greatest common divisor of 512 and 480?
32
What is the highest common divisor of 201300 and 90?
30
Calculate the highest common factor of 944795 and 555.
185
What is the greatest common divisor of 550950 and 150?
150
Calculate the highest common factor of 93418 and 754.
26
Calculate the greatest common factor of 117 and 115011.
117
What is the highest common divisor of 1495 and 39215?
115
Calculate the greatest common factor of 468 and 164801.
13
Calculate the highest common factor of 19671 and 158.
79
Calculate the greatest common divisor of 5191 and 12557.
29
Calculate the greatest common factor of 34 and 159766.
34
What is the greatest common divisor of 943026 and 84?
42
Calculate the highest common divisor of 14058 and 22.
22
What is the highest common divisor of 2354257 and 253?
23
Calculate the greatest common divisor of 3060 and 4428.
36
Calculate the grea